1
What are the prime factors of 54668?
2, 79, 173
What are the prime factors of 589670?
2, 5, 58967
List the prime factors of 677671.
17, 39863
List the prime factors of 1265668.
2, 31, 59, 173
List the prime factors of 15481261.
15481261
List the prime factors of 585830.
2, 5, 7, 8369
What are the prime factors of 318008?
2, 127, 313
What are the prime factors of 662103?
3, 13, 5659
What are the prime factors of 218232?
2, 3, 7, 433
List the prime factors of 1206261.
3, 7, 41, 467
List the prime factors of 469629.
3, 52181
What are the prime factors of 163144?
2, 20393
List the prime factors of 310922.
2, 155461
What are the prime factors of 1702751?
1702751
List the prime factors of 2450792.
2, 306349
List the prime factors of 370633.
19, 19507
List the prime factors of 2300833.
2300833
What are the prime factors of 1139700?
2, 3, 5, 29, 131
What are the prime factors of 2125911?
3, 61, 11617
What are the prime factors of 696675?
3, 5, 7, 1327
What are the prime factors of 6410548?
2, 1602637
What are the prime factors of 2443128?
2, 3, 101797
List the prime factors of 31425.
3, 5, 419
What are the prime factors of 10307270?
2, 5, 17, 60631
What are the prime factors of 1336163?
47, 28429
What are the prime factors of 697086?
2, 3, 13, 331
List the prime factors of 418097.
31, 13487
List the prime factors of 3350278.
2, 1675139
What are the prime factors of 13745454?
2, 3, 499, 4591
List the prime factors of 10765942.
2, 11, 489361
List the prime factors of 922313.
7, 131759
List the prime factors of 1664286.
2, 3, 13, 19, 1123
What are the prime factors of 2694429?
3, 83, 3607
List the prime factors of 6384252.
2, 3, 7, 76003
What are the prime factors of 6106165?
5, 13, 93941
List the prime factors of 1285645.
5, 389, 661
List the prime factors of 109324.
2, 151, 181
List the prime factors of 567833.
7, 81119
What are the prime factors of 292886?
2, 11, 13313
What are the prime factors of 921803?
41, 22483
List the prime factors of 1841279.
11, 73, 2293
List the prime factors of 279766.
2, 139883
What are the prime factors of 3562890?
2, 3, 5, 113, 1051
What are the prime factors of 72608?
2, 2269
List the prime factors of 62780.
2, 5, 43, 73
List the prime factors of 416287.
37, 11251
List the prime factors of 1620352.
2, 12659
List the prime factors of 744753.
3, 17, 859
What are the prime factors of 4425407?
7, 23, 27487
List the prime factors of 1088610.
2, 3, 5, 131, 277
List the prime factors of 382802.
2, 7, 37, 739
What are the prime factors of 5706178?
2, 991, 2879
What are the prime factors of 10367?
7, 1481
List the prime factors of 4237778.
2, 2118889
What are the prime factors of 10204581?
3, 59, 57653
List the prime factors of 3068514.
2, 3, 170473
List the prime factors of 65426.
2, 32713
What are the prime factors of 238178?
2, 119089
List the prime factors of 3832509.
3, 19, 71, 947
What are the prime factors of 877064?
2, 17, 6449
What are the prime factors of 197458?
2, 98729
What are the prime factors of 8056086?
2, 3, 71, 18911
What are the prime factors of 404732?
2, 101183
What are the prime factors of 5081730?
2, 3, 5, 233, 727
List the prime factors of 426095.
5, 31, 2749
List the prime factors of 67732.
2, 7, 41, 59
List the prime factors of 16651141.
13, 1280857
List the prime factors of 22329275.
5, 19, 29, 1621
List the prime factors of 509238.
2, 3, 19, 1489
What are the prime factors of 2513654?
2, 11, 13, 17, 47
List the prime factors of 15969168.
2, 3, 43, 2579
List the prime factors of 18058750.
2, 5, 14447
List the prime factors of 328312.
2, 41039
What are the prime factors of 13390129?
13390129
What are the prime factors of 546943?
546943
List the prime factors of 1493010.
2, 3, 5, 53, 313
List the prime factors of 653595.
3, 5, 43573
What are the prime factors of 473569?
17, 89, 313
What are the prime factors of 79475?
5, 11, 17
List the prime factors of 20040202.
2, 7, 13, 149, 739
What are the prime factors of 3352474?
2, 19, 88223
List the prime factors of 23633969.
73, 263, 1231
What are the prime factors of 362289?
3, 120763
What are the prime factors of 4879215?
3, 5, 11, 9857
What are the prime factors of 414597?
3, 113, 1223
What are the prime factors of 4090198?
2, 7, 292157
List the prime factors of 642145.
5, 7, 2621
What are the prime factors of 2066435?
5, 7, 17, 23, 151
What are the prime factors of 50057?
7, 7151
What are the prime factors of 42515538?
2, 3, 13, 17, 32063
List the prime factors of 6732291.
3, 71, 31607
List the prime factors of 1729033.
1729033
What are the prime factors of 473965?
5, 94793
List the prime factors of 1138340.
2, 5, 7, 47, 173
List the prime factors of 5500699.
449, 12251
What are the prime factors of 278286?
2, 3, 46381
What are the prime factors of 2889876?
2, 3, 11, 21893
What are the prime factors of 444764?
2, 111191
What are the prime factors of 64232?
2, 7, 31, 37
List the prime factors of 27838679.
11, 131, 19319
What are the prime factors of 20797549?
4111, 5059
What are the prime factors of 241745?
5, 7, 6907
List the prime factors of 4365575.
5, 31, 43, 131
What are the prime factors of 37898?
2, 7, 2707
List the prime factors of 8302717.
8302717
What are the prime factors of 339835?
5, 67967
List the prime factors of 17253263.
683, 25261
List the prime factors of 42657.
3, 59, 241
List the prime factors of 228934.
2, 114467
What are the prime factors of 3629490?
2, 3, 5, 337, 359
List the prime factors of 11160044.
2, 7, 97, 587
What are the prime factors of 430177?
11, 39107
What are the prime factors of 69723?
3, 61, 127
List the prime factors of 292930.
2, 5, 11, 2663
List the prime factors of 81240.
2, 3, 5, 677
List the prime factors of 7251436.
2, 61, 113, 263
List the prime factors of 3796843.
3796843
List the prime factors of 433214.
2, 216607
List the prime factors of 322800.
2, 3, 5, 269
What are the prime factors of 855039?
3, 257, 1109
List the prime factors of 7036881.
3, 71, 33037
What are the prime factors of 21388639?
21388639
What are the prime factors of 18035921?
19, 47, 1063
List the prime factors of 34009.
71, 479
List the prime factors of 7399999.
43, 172093
List the prime factors of 148883.
7, 21269
List the prime factors of 262074.
2, 3, 31, 1409
What are the prime factors of 907025?
5, 7, 71, 73
List the prime factors of 13172386.
2, 6586193
What are the prime factors of 12147995?
5, 2429599
What are the prime factors of 382464?
2, 3, 83
List the prime factors of 893468.
2, 223367
What are the prime factors of 3220634?
2, 523, 3079
What are the prime factors of 405300?
2, 3, 5, 7, 193
List the prime factors of 562497.
3, 13, 14423
List the prime factors of 4923043.
79, 101, 617
List the prime factors of 33540836.
2, 7, 163, 7349
List the prime factors of 11036886.
2, 3, 7, 262783
What are the prime factors of 16504963?
857, 19259
What are the prime factors of 762341?
229, 3329
What are the prime factors of 4036798?
2, 53, 38083
What are the prime factors of 19760683?
19760683
List the prime factors of 6747414.
2, 3, 47, 71, 337
List the prime factors of 3936030.
2, 3, 5, 7, 18743
List the prime factors of 1601758.
2, 800879
What are the prime factors of 710375?
5, 5683
List the prime factors of 7487861.
389, 19249
What are the prime factors of 1783725?
3, 5, 17, 1399
What are the prime factors of 4343963?
13, 389, 859
What are the prime factors of 1317375?
3, 5, 1171
List the prime factors of 673889.
313, 2153
List the prime factors of 7295305.
5, 1459061
What are the prime factors of 222432?
2, 3, 7, 331
List the prime factors of 14487784.
2, 1810973
What are the prime factors of 679851?
3, 75539
What are the prime factors of 5932065?
3, 5, 17, 43, 541
What are the prime factors of 61292?
2, 7, 11, 199
What are the prime factors of 4637309?
157, 29537
List the prime factors of 159348.
2, 3, 7, 271
What are the prime factors of 3074557?
3074557
What are the prime factors of 1040755?
5, 163, 1277
List the prime factors of 908434.
2, 433, 1049
What are the prime factors of 1394579?
1394579
List the prime factors of 374529.
3, 131, 953
What are the prime factors of 599236?
2, 11, 13619
What are the prime factors of 522192?
2, 3, 11, 23, 43
What are the prime factors of 690342?
2, 3, 115057
List the prime factors of 41